

{"id":628,"date":"2017-02-26T17:51:24","date_gmt":"2017-02-26T15:51:24","guid":{"rendered":"http:\/\/www.rote-l\u00f6wen.de\/wordpress\/?page_id=628"},"modified":"2017-10-02T17:46:30","modified_gmt":"2017-10-02T15:46:30","slug":"katchenturnier","status":"publish","type":"page","link":"https:\/\/www.rote-l\u00f6wen.de\/wordpress\/katchenturnier\/","title":{"rendered":"Katchenturnier"},"content":{"rendered":"<style type=\"text\/css\">\n@font-face {\n  font-family: \"Dice\";\n  src: url(\/wordpress\/wp-content\/themes\/pbcreimsbach\/dice.ttf) format(\"truetype\");\n  }\n.dice { font-family: \"Dice\", sans-serif }\n<\/style>\n<p>Einmal im Jahr spielen wir den Katchenmeister aus, der auf einem Wanderpokal verewigt wird.<\/p>\n<h3>Regeln<\/h3>\n<p>Katchen wird mit drei W\u00fcrfeln gespielt und besteht aus zwei Spielrunden:<\/p>\n<h4>Erste Spielrunde (Deckel verteilen)<\/h4>\n<p>Dreizehn Bierdeckel werden auf einem Stapel bereitgestellt. Zun\u00e4chst wird bestimmt, wer die Runde beginnt, zum Beispiel durch Ausw\u00fcrfeln oder der Verlierer der letzten Runde. <\/p>\n<p>Der erste Spieler beginnt, indem er alle drei W\u00fcrfel gleichzeitig wirft. Dann wird im Uhrzeigersinn weitergew\u00fcrfelt. Die H\u00f6he eines Wurfes wird wie folgt bewertet:<\/p>\n<div class=\"table-responsive\">\n<table class=\"table\">\n<tr>\n<th class=\"text-center\">Rang<\/th>\n<th>Augenzahl<\/th>\n<th>Erkl\u00e4rung<\/th>\n<th>Bierdeckel<\/th>\n<\/tr>\n<tr>\n<td class=\"text-center\">1<\/td>\n<td><span class=\"dice\">421<\/span><\/td>\n<td>H\u00f6chster Wurf. Wird als <em>Katchen<\/em> bezeichnet<\/td>\n<td class=\"text-center\">8<\/td>\n<\/tr>\n<tr>\n<td class=\"text-center\">2<\/td>\n<td>x <span class=\"dice\">11<\/span><\/td>\n<td>x <em>Asse<\/em>, <span class=\"dice\">111<\/span> z\u00e4hlt als x=7 Asse, <span class=\"dice\">111 &gt; 511 &gt; 211<\/span><\/td>\n<td class=\"text-center\">x<\/td>\n<\/tr>\n<tr>\n<td class=\"text-center\">3<\/td>\n<td>xxx<\/td>\n<td>x-er <em>Pasch<\/em>, z.B <span class=\"dice\">222<\/span><\/td>\n<td class=\"text-center\">x<\/td>\n<\/tr>\n<tr>\n<td class=\"text-center\">4<\/td>\n<td><span class=\"dice\">123,234,345,456<\/span><\/td>\n<td><em>Stra\u00dfe<\/em><\/td>\n<td class=\"text-center\">2<\/td>\n<\/tr>\n<tr>\n<td class=\"text-center\">5<\/td>\n<td><span class=\"dice\">221<\/span> &#8211; <span class=\"dice\">665<\/span> mit Ausnahme von <span class=\"dice\">421<\/span><\/td>\n<td>Normale Zahl. <span class=\"dice\">643<\/span> ist z.B. h\u00f6her als <span class=\"dice\">221<\/span><\/td>\n<td class=\"text-center\">1<\/td>\n<\/tr>\n<\/table>\n<\/div>\n<p>Der Spieler mit dem niedrigsten Wurf erh\u00e4lt die Bierdeckel des h\u00f6chsten Wurfes. Bei gleicher Anzahl entscheidet der Rang. Es gilt also <span class=\"dice\">555<\/span> &lt; <span class=\"dice\">115<\/span>, obwohl beide f\u00fcnf Deckel wert sind. <\/p>\n<p>Werfen zwei Spieler die gleiche Augenzahl, so verliert nach dem Prinzip &#8220;Mit ist shit&#8221; der Spieler, der die Augenzahl als letzter geworfen hat.<\/p>\n<h4>Zweite Spielrunde (Deckel abgeben)<\/h4>\n<p>Alle Spieler, die keinen Deckel in der ersten Runde bekommen haben, k\u00f6nnen sich entspannt zur\u00fccklehnen. Die Spieler mit Deckel spielen den Verlierer raus.<\/p>\n<p>Der Spieler mit den meisten Deckeln beginnt. Der Spieler darf nun bis zu dreimal w\u00fcrfeln. Nach jedem Mal w\u00fcrfeln darf er eine beliebige Anzahl W\u00fcrfel stehen lassen. Im Uhrzeigersinn versuchen nun die anderen Spieler eine h\u00f6here Augenzahl in der gleichen Anzahl an W\u00fcrfen oder die gleiche in weniger W\u00fcrfen zu erzielen. Der Spieler mit dem h\u00f6chsten Wurf in den wenigsten Z\u00fcgen darf so viele Bierdeckel an den Spieler mit dem niedrigsten Wurf abgeben, wie sein Wurf laut der obigen Tabelle wert war. <\/p>\n<p>Der Spieler mit dem niedrigsten Wurf legt die n\u00e4chste Augenzahl vor. Dies geht so lange, bis ein Spieler alle Deckel hat. Dieser Spieler bekommt einen &#8220;Schuss&#8221;. Nach einer vereinbarten Anzahl an Sch\u00fcssen scheidet der Spieler im Turnier vom Tisch aus. Au\u00dferhalb des Turniers gibt er eine Runde.<\/p>\n<h4>Beispiel<\/h4>\n<p>Die Spieler Alice, Bob und Charlie treten im Katchen gegeneinander an. Im Uhrzeigersinn gilt die Reihenfolge Alice, Bob, Charlie. Alice darf beginnen.<\/p>\n<ul>\n<li>Alice <span class=\"dice\">544<\/span>, Bob <span class=\"dice\">544<\/span>, Charlie <span class=\"dice\">621<\/span> =&gt; Bob bekommt einen Deckel<\/li>\n<li>Bob <span class=\"dice\">555<\/span>, Charlie <span class=\"dice\">115<\/span>, Alice <span class=\"dice\">123<\/span> =&gt; Alice bekommt f\u00fcnf Deckel<\/li>\n<li>Alice <span class=\"dice\">551<\/span>, Bob <span class=\"dice\">443<\/span>, Charlie <span class=\"dice\">421<\/span> =&gt; Bob bekommt acht Deckel (es sind aber nur noch sieben vorhanden)<\/li>\n<\/ul>\n<p>Alle dreizehn Deckel sind nun verteilt: Charlie hat keinen Deckel, Bob hat acht und Alice f\u00fcnf. Das hei\u00dft Bob und Alice spielen darum, wer seine Deckel abgeben darf. Bob beginnt, weil er mehr Deckel hat.<\/p>\n<p>Bob w\u00fcrfelt eine zun\u00e4chst eine <span class=\"dice\">521<\/span>. Er nimmt die <span class=\"dice\">5<\/span> und w\u00fcrfelt eine <span class=\"dice\">6<\/span>. Er beschlie\u00dft mit der <span class=\"dice\">6<\/span> noch einmal zu werfen und erh\u00e4lt eine <span class=\"dice\">3<\/span>. Das ist eine Stra\u00dfe <span class=\"dice\">123<\/span> im dritten Versuch.<\/p>\n<p>Alice w\u00fcrfelt beim ersten Versuch eine <span class=\"dice\">111<\/span>. Obwohl sie, da Bob dreimal gew\u00fcrfelt hat, noch zweimal W\u00fcrfeln darf, l\u00e4sst sie die <span class=\"dice\">111<\/span> nat\u00fcrlich stehen, weil <span class=\"dice\">111<\/span> h\u00f6her als <span class=\"dice\">123<\/span> ist. <\/p>\n<p>Bob erh\u00e4lt von Alice f\u00fcnf Deckel (Alice h\u00e4tte sieben abgeben d\u00fcrfen, hat aber nur f\u00fcnf). Alice hat keine Deckel mehr, also hat Bob verloren und erh\u00e4lt einen Schuss.<\/p>\n","protected":false},"excerpt":{"rendered":"<p>Einmal im Jahr spielen wir den Katchenmeister aus, der auf einem Wanderpokal verewigt wird. Regeln Katchen wird mit drei W\u00fcrfeln gespielt und besteht aus zwei Spielrunden: Erste Spielrunde (Deckel verteilen) Dreizehn Bierdeckel werden auf einem Stapel bereitgestellt. Zun\u00e4chst wird bestimmt, wer die Runde beginnt, zum Beispiel durch Ausw\u00fcrfeln oder der Verlierer der letzten Runde. Der [&hellip;]<\/p>\n","protected":false},"author":1,"featured_media":0,"parent":0,"menu_order":0,"comment_status":"closed","ping_status":"closed","template":"","meta":{"footnotes":""},"_links":{"self":[{"href":"https:\/\/www.rote-l\u00f6wen.de\/wordpress\/wp-json\/wp\/v2\/pages\/628"}],"collection":[{"href":"https:\/\/www.rote-l\u00f6wen.de\/wordpress\/wp-json\/wp\/v2\/pages"}],"about":[{"href":"https:\/\/www.rote-l\u00f6wen.de\/wordpress\/wp-json\/wp\/v2\/types\/page"}],"author":[{"embeddable":true,"href":"https:\/\/www.rote-l\u00f6wen.de\/wordpress\/wp-json\/wp\/v2\/users\/1"}],"replies":[{"embeddable":true,"href":"https:\/\/www.rote-l\u00f6wen.de\/wordpress\/wp-json\/wp\/v2\/comments?post=628"}],"version-history":[{"count":24,"href":"https:\/\/www.rote-l\u00f6wen.de\/wordpress\/wp-json\/wp\/v2\/pages\/628\/revisions"}],"predecessor-version":[{"id":754,"href":"https:\/\/www.rote-l\u00f6wen.de\/wordpress\/wp-json\/wp\/v2\/pages\/628\/revisions\/754"}],"wp:attachment":[{"href":"https:\/\/www.rote-l\u00f6wen.de\/wordpress\/wp-json\/wp\/v2\/media?parent=628"}],"curies":[{"name":"wp","href":"https:\/\/api.w.org\/{rel}","templated":true}]}}